{"id":4925,"date":"2025-11-09T17:28:33","date_gmt":"2025-11-09T17:28:33","guid":{"rendered":"https:\/\/inoria.uz\/?post_type=product&#038;p=4925"},"modified":"2025-11-09T17:28:33","modified_gmt":"2025-11-09T17:28:33","slug":"suv-stop","status":"publish","type":"product","link":"https:\/\/inoria.uz\/?product=suv-stop","title":{"rendered":"SUV STOP"},"content":{"rendered":"<p>Akrilik esasl\u0131, su bazl\u0131, i\u00e7 ve d\u0131\u015f mek\u00e2nlarda kullan\u0131lan tek bile\u015fenli su yal\u0131t\u0131m membran\u0131d\u0131r. Y\u00fczeylerde su ge\u00e7irmez bir tabaka olu\u015fturur; y\u00fcksek elastikiyeti ve suya dayan\u0131kl\u0131 yap\u0131s\u0131 sayesinde uzun s\u00fcreli koruma sa\u011flar. \u00c7atlaklara kar\u015f\u0131 esnek davran\u0131r, buhar ge\u00e7irgenli\u011fini korurken suyun y\u00fczeye n\u00fcfuz etmesini engeller. Banyo, balkon, teras ve \u00e7at\u0131 gibi y\u00fcksek neme maruz alanlarda g\u00fcvenle uygulanabilir.<\/p>\n","protected":false},"excerpt":{"rendered":"<p>Akrilik esasl\u0131, su bazl\u0131, i\u00e7 ve d\u0131\u015f mek\u00e2nlarda kullan\u0131lan tek bile\u015fenli su yal\u0131t\u0131m membran\u0131d\u0131r. Y\u00fczeylerde su ge\u00e7irmez bir tabaka olu\u015fturur; y\u00fcksek elastikiyeti ve suya dayan\u0131kl\u0131 yap\u0131s\u0131 sayesinde uzun s\u00fcreli koruma sa\u011flar. \u00c7atlaklara kar\u015f\u0131 esnek davran\u0131r, buhar ge\u00e7irgenli\u011fini korurken suyun y\u00fczeye n\u00fcfuz etmesini engeller. Banyo, balkon, teras ve \u00e7at\u0131 gibi y\u00fcksek neme maruz alanlarda g\u00fcvenle uygulanabilir.<\/p>\n","protected":false},"featured_media":4911,"comment_status":"open","ping_status":"closed","template":"","meta":[],"product_brand":[],"product_cat":[184],"product_tag":[],"class_list":{"0":"post-4925","1":"product","2":"type-product","3":"status-publish","4":"has-post-thumbnail","6":"product_cat-su-yalitimi-tr","8":"first","9":"instock","10":"shipping-taxable","11":"product-type-simple","12":"layout-style-4","13":"col-md-4 col-sm-4 col-xs-6","14":"col-lg-3","15":"product-style-addtocart"},"_links":{"self":[{"href":"https:\/\/inoria.uz\/index.php?rest_route=\/wp\/v2\/product\/4925","targetHints":{"allow":["GET"]}}],"collection":[{"href":"https:\/\/inoria.uz\/index.php?rest_route=\/wp\/v2\/product"}],"about":[{"href":"https:\/\/inoria.uz\/index.php?rest_route=\/wp\/v2\/types\/product"}],"replies":[{"embeddable":true,"href":"https:\/\/inoria.uz\/index.php?rest_route=%2Fwp%2Fv2%2Fcomments&post=4925"}],"wp:featuredmedia":[{"embeddable":true,"href":"https:\/\/inoria.uz\/index.php?rest_route=\/wp\/v2\/media\/4911"}],"wp:attachment":[{"href":"https:\/\/inoria.uz\/index.php?rest_route=%2Fwp%2Fv2%2Fmedia&parent=4925"}],"wp:term":[{"taxonomy":"product_brand","embeddable":true,"href":"https:\/\/inoria.uz\/index.php?rest_route=%2Fwp%2Fv2%2Fproduct_brand&post=4925"},{"taxonomy":"product_cat","embeddable":true,"href":"https:\/\/inoria.uz\/index.php?rest_route=%2Fwp%2Fv2%2Fproduct_cat&post=4925"},{"taxonomy":"product_tag","embeddable":true,"href":"https:\/\/inoria.uz\/index.php?rest_route=%2Fwp%2Fv2%2Fproduct_tag&post=4925"}],"curies":[{"name":"wp","href":"https:\/\/api.w.org\/{rel}","templated":true}]}}