{"id":4728,"date":"2024-06-15T22:28:42","date_gmt":"2024-06-15T22:28:42","guid":{"rendered":"https:\/\/inoria.uz\/?post_type=product&#038;p=4728"},"modified":"2025-11-22T13:04:51","modified_gmt":"2025-11-22T13:04:51","slug":"mat-boya","status":"publish","type":"product","link":"https:\/\/inoria.uz\/?product=mat-boya","title":{"rendered":"MAT BOYA"},"content":{"rendered":"<p>Alkid ba\u011flay\u0131c\u0131 esasl\u0131, mat g\u00f6r\u00fcn\u00fcml\u00fc dekoratif son kat boya. Mat bir g\u00f6r\u00fcn\u00fcme sahip olup, i\u00e7 ve d\u0131\u015f mekanlardaki ah\u015fap, metal ve duvar y\u00fczeylerine \u00e7ok rahatl\u0131kla uygulanabilmektedir. \u0130\u00e7 mekan duvarlar\u0131nda dekoratif ama\u00e7l\u0131 kullan\u0131labilir. Kur\u015fun i\u00e7ermez.<\/p>\n","protected":false},"excerpt":{"rendered":"<p>Alkid ba\u011flay\u0131c\u0131 esasl\u0131, mat g\u00f6r\u00fcn\u00fcml\u00fc dekoratif son kat boya. Mat bir g\u00f6r\u00fcn\u00fcme sahip olup, i\u00e7 ve d\u0131\u015f mekanlardaki ah\u015fap, metal ve duvar y\u00fczeylerine \u00e7ok rahatl\u0131kla uygulanabilmektedir. \u0130\u00e7 mekan duvarlar\u0131nda dekoratif ama\u00e7l\u0131 kullan\u0131labilir. Kur\u015fun i\u00e7ermez.<\/p>\n","protected":false},"featured_media":5014,"comment_status":"open","ping_status":"closed","template":"","meta":[],"product_brand":[],"product_cat":[97,85],"product_tag":[],"class_list":{"0":"post-4728","1":"product","2":"type-product","3":"status-publish","4":"has-post-thumbnail","6":"product_cat-sentetik-boya-tr","7":"product_cat-sentetik-tr","9":"first","10":"instock","11":"shipping-taxable","12":"product-type-simple","13":"layout-style-4","14":"col-md-4 col-sm-4 col-xs-6","15":"col-lg-3","16":"product-style-addtocart"},"_links":{"self":[{"href":"https:\/\/inoria.uz\/index.php?rest_route=\/wp\/v2\/product\/4728","targetHints":{"allow":["GET"]}}],"collection":[{"href":"https:\/\/inoria.uz\/index.php?rest_route=\/wp\/v2\/product"}],"about":[{"href":"https:\/\/inoria.uz\/index.php?rest_route=\/wp\/v2\/types\/product"}],"replies":[{"embeddable":true,"href":"https:\/\/inoria.uz\/index.php?rest_route=%2Fwp%2Fv2%2Fcomments&post=4728"}],"wp:featuredmedia":[{"embeddable":true,"href":"https:\/\/inoria.uz\/index.php?rest_route=\/wp\/v2\/media\/5014"}],"wp:attachment":[{"href":"https:\/\/inoria.uz\/index.php?rest_route=%2Fwp%2Fv2%2Fmedia&parent=4728"}],"wp:term":[{"taxonomy":"product_brand","embeddable":true,"href":"https:\/\/inoria.uz\/index.php?rest_route=%2Fwp%2Fv2%2Fproduct_brand&post=4728"},{"taxonomy":"product_cat","embeddable":true,"href":"https:\/\/inoria.uz\/index.php?rest_route=%2Fwp%2Fv2%2Fproduct_cat&post=4728"},{"taxonomy":"product_tag","embeddable":true,"href":"https:\/\/inoria.uz\/index.php?rest_route=%2Fwp%2Fv2%2Fproduct_tag&post=4728"}],"curies":[{"name":"wp","href":"https:\/\/api.w.org\/{rel}","templated":true}]}}