{"id":4692,"date":"2024-06-15T21:24:27","date_gmt":"2024-06-15T21:24:27","guid":{"rendered":"https:\/\/inoria.uz\/?post_type=product&#038;p=4692"},"modified":"2024-07-10T17:53:00","modified_gmt":"2024-07-10T17:53:00","slug":"contact-primer","status":"publish","type":"product","link":"https:\/\/inoria.uz\/?product=contact-primer","title":{"rendered":"BR\u00dcT BETON ASTARI"},"content":{"rendered":"<p>Akrilik em\u00fclsiyon bazl\u0131 yap\u0131\u015fkan astar. Br\u00fct beton \u00fczerine al\u00e7\u0131 ve \u00e7imento esasl\u0131 s\u0131va uygulamalar\u0131 \u00f6ncesinde y\u00fczey aderans\u0131n\u0131 art\u0131rmak amac\u0131yla kullan\u0131lan, polimer modifiye re\u00e7ine esasl\u0131 i\u00e7 ve d\u0131\u015f cephe astar\u0131d\u0131r.<\/p>\n","protected":false},"excerpt":{"rendered":"<p>Akrilik em\u00fclsiyon bazl\u0131 yap\u0131\u015fkan astar. Br\u00fct beton \u00fczerine al\u00e7\u0131 ve \u00e7imento esasl\u0131 s\u0131va uygulamalar\u0131 \u00f6ncesinde y\u00fczey aderans\u0131n\u0131 art\u0131rmak amac\u0131yla kullan\u0131lan, polimer modifiye re\u00e7ine esasl\u0131 i\u00e7 ve d\u0131\u015f cephe astar\u0131d\u0131r.<\/p>\n","protected":false},"featured_media":4693,"comment_status":"open","ping_status":"closed","template":"","meta":[],"product_brand":[],"product_cat":[92],"product_tag":[],"class_list":{"0":"post-4692","1":"product","2":"type-product","3":"status-publish","4":"has-post-thumbnail","6":"product_cat-astar-tr","8":"first","9":"instock","10":"shipping-taxable","11":"product-type-simple","12":"layout-style-4","13":"col-md-4 col-sm-4 col-xs-6","14":"col-lg-3","15":"product-style-addtocart"},"_links":{"self":[{"href":"https:\/\/inoria.uz\/index.php?rest_route=\/wp\/v2\/product\/4692","targetHints":{"allow":["GET"]}}],"collection":[{"href":"https:\/\/inoria.uz\/index.php?rest_route=\/wp\/v2\/product"}],"about":[{"href":"https:\/\/inoria.uz\/index.php?rest_route=\/wp\/v2\/types\/product"}],"replies":[{"embeddable":true,"href":"https:\/\/inoria.uz\/index.php?rest_route=%2Fwp%2Fv2%2Fcomments&post=4692"}],"wp:featuredmedia":[{"embeddable":true,"href":"https:\/\/inoria.uz\/index.php?rest_route=\/wp\/v2\/media\/4693"}],"wp:attachment":[{"href":"https:\/\/inoria.uz\/index.php?rest_route=%2Fwp%2Fv2%2Fmedia&parent=4692"}],"wp:term":[{"taxonomy":"product_brand","embeddable":true,"href":"https:\/\/inoria.uz\/index.php?rest_route=%2Fwp%2Fv2%2Fproduct_brand&post=4692"},{"taxonomy":"product_cat","embeddable":true,"href":"https:\/\/inoria.uz\/index.php?rest_route=%2Fwp%2Fv2%2Fproduct_cat&post=4692"},{"taxonomy":"product_tag","embeddable":true,"href":"https:\/\/inoria.uz\/index.php?rest_route=%2Fwp%2Fv2%2Fproduct_tag&post=4692"}],"curies":[{"name":"wp","href":"https:\/\/api.w.org\/{rel}","templated":true}]}}