{"id":3508,"date":"2022-05-01T22:42:05","date_gmt":"2022-05-01T22:42:05","guid":{"rendered":"https:\/\/inoria.uz\/?post_type=product&#038;p=3508"},"modified":"2025-11-22T13:04:31","modified_gmt":"2025-11-22T13:04:31","slug":"dolgu-vernigi","status":"publish","type":"product","link":"https:\/\/inoria.uz\/?product=dolgu-vernigi","title":{"rendered":"SEL\u00dcLOZ\u0130K DOLGU VERN\u0130\u011e\u0130"},"content":{"rendered":"<p>Nitrosel\u00fcloz modifiyeli, alkid re\u00e7ine esasl\u0131, hava kurumal\u0131 bir dolgu verni\u011fidir.<\/p>\n","protected":false},"excerpt":{"rendered":"<p>Nitrosel\u00fcloz modifiyeli, alkid re\u00e7ine esasl\u0131, hava kurumal\u0131 bir dolgu verni\u011fidir.<\/p>\n","protected":false},"featured_media":5012,"comment_status":"closed","ping_status":"closed","template":"","meta":[],"product_brand":[],"product_cat":[98],"product_tag":[],"class_list":{"0":"post-3508","1":"product","2":"type-product","3":"status-publish","4":"has-post-thumbnail","6":"product_cat-sentetik-vernik-tr","8":"first","9":"instock","10":"featured","11":"shipping-taxable","12":"product-type-simple","13":"layout-style-4","14":"col-md-4 col-sm-4 col-xs-6","15":"col-lg-3","16":"product-style-addtocart"},"_links":{"self":[{"href":"https:\/\/inoria.uz\/index.php?rest_route=\/wp\/v2\/product\/3508","targetHints":{"allow":["GET"]}}],"collection":[{"href":"https:\/\/inoria.uz\/index.php?rest_route=\/wp\/v2\/product"}],"about":[{"href":"https:\/\/inoria.uz\/index.php?rest_route=\/wp\/v2\/types\/product"}],"replies":[{"embeddable":true,"href":"https:\/\/inoria.uz\/index.php?rest_route=%2Fwp%2Fv2%2Fcomments&post=3508"}],"wp:featuredmedia":[{"embeddable":true,"href":"https:\/\/inoria.uz\/index.php?rest_route=\/wp\/v2\/media\/5012"}],"wp:attachment":[{"href":"https:\/\/inoria.uz\/index.php?rest_route=%2Fwp%2Fv2%2Fmedia&parent=3508"}],"wp:term":[{"taxonomy":"product_brand","embeddable":true,"href":"https:\/\/inoria.uz\/index.php?rest_route=%2Fwp%2Fv2%2Fproduct_brand&post=3508"},{"taxonomy":"product_cat","embeddable":true,"href":"https:\/\/inoria.uz\/index.php?rest_route=%2Fwp%2Fv2%2Fproduct_cat&post=3508"},{"taxonomy":"product_tag","embeddable":true,"href":"https:\/\/inoria.uz\/index.php?rest_route=%2Fwp%2Fv2%2Fproduct_tag&post=3508"}],"curies":[{"name":"wp","href":"https:\/\/api.w.org\/{rel}","templated":true}]}}