{"id":2988,"date":"2022-02-19T16:03:21","date_gmt":"2022-02-19T16:03:21","guid":{"rendered":"https:\/\/inoria.uz\/?post_type=product&#038;p=2988"},"modified":"2024-05-26T21:48:57","modified_gmt":"2024-05-26T21:48:57","slug":"ic-cephe-astar","status":"publish","type":"product","link":"https:\/\/inoria.uz\/?product=ic-cephe-astar","title":{"rendered":"\u0130\u00c7 CEPHE ASTAR"},"content":{"rendered":"<p>Akrilik em\u00fclsiyon esasl\u0131, su bazl\u0131, dolgulu i\u00e7&amp;d\u0131\u015f cephe \u00f6rt\u00fcc\u00fc astar\u0131d\u0131r. Y\u00fcksek aderans (yap\u0131\u015fma) \u00f6zelli\u011fine sahiptir. Y\u00fcksek su buhar\u0131 ge\u00e7irgenli\u011fi ile nemin d\u0131\u015far\u0131 \u00e7\u0131kmas\u0131n\u0131 sa\u011flayarak binalar\u0131n nefes almas\u0131na imk\u00e2n verir. Dolgulu olmas\u0131 sebebiyle son kat boyan\u0131n \u00f6rt\u00fcc\u00fcl\u00fc\u011f\u00fcn\u00fc artt\u0131r\u0131r ve sarfiyat\u0131n\u0131 azalt\u0131r.<\/p>\n","protected":false},"excerpt":{"rendered":"<p>Akrilik em\u00fclsiyon esasl\u0131, su bazl\u0131, dolgulu i\u00e7&amp;d\u0131\u015f cephe \u00f6rt\u00fcc\u00fc astar\u0131d\u0131r. Y\u00fcksek aderans (yap\u0131\u015fma) \u00f6zelli\u011fine sahiptir. Y\u00fcksek su buhar\u0131 ge\u00e7irgenli\u011fi ile nemin d\u0131\u015far\u0131 \u00e7\u0131kmas\u0131n\u0131 sa\u011flayarak binalar\u0131n nefes almas\u0131na imk\u00e2n verir. Dolgulu olmas\u0131 sebebiyle son kat boyan\u0131n \u00f6rt\u00fcc\u00fcl\u00fc\u011f\u00fcn\u00fc artt\u0131r\u0131r ve sarfiyat\u0131n\u0131 azalt\u0131r.<\/p>\n","protected":false},"featured_media":4679,"comment_status":"closed","ping_status":"closed","template":"","meta":[],"product_brand":[],"product_cat":[92],"product_tag":[],"class_list":{"0":"post-2988","1":"product","2":"type-product","3":"status-publish","4":"has-post-thumbnail","6":"product_cat-astar-tr","8":"first","9":"instock","10":"featured","11":"shipping-taxable","12":"product-type-simple","13":"layout-style-4","14":"col-md-4 col-sm-4 col-xs-6","15":"col-lg-3","16":"product-style-addtocart"},"_links":{"self":[{"href":"https:\/\/inoria.uz\/index.php?rest_route=\/wp\/v2\/product\/2988","targetHints":{"allow":["GET"]}}],"collection":[{"href":"https:\/\/inoria.uz\/index.php?rest_route=\/wp\/v2\/product"}],"about":[{"href":"https:\/\/inoria.uz\/index.php?rest_route=\/wp\/v2\/types\/product"}],"replies":[{"embeddable":true,"href":"https:\/\/inoria.uz\/index.php?rest_route=%2Fwp%2Fv2%2Fcomments&post=2988"}],"wp:featuredmedia":[{"embeddable":true,"href":"https:\/\/inoria.uz\/index.php?rest_route=\/wp\/v2\/media\/4679"}],"wp:attachment":[{"href":"https:\/\/inoria.uz\/index.php?rest_route=%2Fwp%2Fv2%2Fmedia&parent=2988"}],"wp:term":[{"taxonomy":"product_brand","embeddable":true,"href":"https:\/\/inoria.uz\/index.php?rest_route=%2Fwp%2Fv2%2Fproduct_brand&post=2988"},{"taxonomy":"product_cat","embeddable":true,"href":"https:\/\/inoria.uz\/index.php?rest_route=%2Fwp%2Fv2%2Fproduct_cat&post=2988"},{"taxonomy":"product_tag","embeddable":true,"href":"https:\/\/inoria.uz\/index.php?rest_route=%2Fwp%2Fv2%2Fproduct_tag&post=2988"}],"curies":[{"name":"wp","href":"https:\/\/api.w.org\/{rel}","templated":true}]}}