{"id":4762,"date":"2024-07-03T19:25:14","date_gmt":"2024-07-03T19:25:14","guid":{"rendered":"https:\/\/inoria.uz\/?page_id=4762"},"modified":"2024-07-03T19:25:14","modified_gmt":"2024-07-03T19:25:14","slug":"tinerler-ve-tutkallar","status":"publish","type":"page","link":"https:\/\/inoria.uz\/?page_id=4762&lang=tr","title":{"rendered":"Tinerler ve Tutkallar"},"content":{"rendered":"<p>[vc_row][vc_column]<div class=\"sober-product-grid sober-product-tabs sober-products sober-products-filterable   filterable filter-by-category filter-type-isotope\" data-columns=\"4\" data-per_page=\"20\" data-load_more=\"\" data-nonce=\"4768d2052d\"><div class=\"product-filter\"><ul class=\"filter\"><li data-filter=\"*\" class=\"line-hover active\">All Products<\/li>\n\t<li data-filter=\".product_cat-tiner-tutkal\" class=\"line-hover \">Tinerler ve Tutkallar<\/li><\/ul><\/div><div class=\"products-grid\"><div class=\"woocommerce columns-4 \"><ul class=\"products columns-4\">\n<li class=\"layout-style-4 col-md-4 col-sm-4 col-xs-6 col-lg-3 product-style-addtocart product type-product post-4735 status-publish first instock product_cat-tiner-tutkal has-post-thumbnail shipping-taxable product-type-simple\">\n\t<div class=\"product-header\"><a href=\"https:\/\/inoria.uz\/?product=poliuretan-tiner\" class=\"woocommerce-LoopProduct-link woocommerce-loop-product__link\"><img fetchpriority=\"high\" decoding=\"async\" width=\"220\" height=\"367\" src=\"https:\/\/inoria.uz\/wp-content\/uploads\/2024\/07\/9-lt-poliuretan-tiner-mockup-1-220x367.png\" class=\"attachment-woocommerce_thumbnail size-woocommerce_thumbnail\" alt=\"POL\u0130\u00dcRETAN T\u0130NER\" srcset=\"https:\/\/inoria.uz\/wp-content\/uploads\/2024\/07\/9-lt-poliuretan-tiner-mockup-1-220x367.png 220w, https:\/\/inoria.uz\/wp-content\/uploads\/2024\/07\/9-lt-poliuretan-tiner-mockup-1-180x300.png 180w, https:\/\/inoria.uz\/wp-content\/uploads\/2024\/07\/9-lt-poliuretan-tiner-mockup-1-614x1024.png 614w, https:\/\/inoria.uz\/wp-content\/uploads\/2024\/07\/9-lt-poliuretan-tiner-mockup-1-768x1280.png 768w, https:\/\/inoria.uz\/wp-content\/uploads\/2024\/07\/9-lt-poliuretan-tiner-mockup-1-922x1536.png 922w, https:\/\/inoria.uz\/wp-content\/uploads\/2024\/07\/9-lt-poliuretan-tiner-mockup-1-1229x2048.png 1229w, https:\/\/inoria.uz\/wp-content\/uploads\/2024\/07\/9-lt-poliuretan-tiner-mockup-1-400x667.png 400w, https:\/\/inoria.uz\/wp-content\/uploads\/2024\/07\/9-lt-poliuretan-tiner-mockup-1.png 1350w\" sizes=\"(max-width: 220px) 100vw, 220px\" \/><\/a>\n\t\t\n\t\t\t<div class=\"buttons-icon\">\n\t\t\t\t\t\t\t<\/div>\n\n\t\t\n\t\t\n\t\t\t<div class=\"buttons\">\n\t\t\t\t<a href=\"https:\/\/inoria.uz\/?product=poliuretan-tiner\" data-quantity=\"1\" class=\"button product_type_simple sober-loop-atc-button\" data-product_id=\"4735\" data-product_sku=\"\" aria-label=\"&ldquo;POL\u0130\u00dcRETAN T\u0130NER&rdquo; hakk\u0131nda daha fazla bilgi edinin\" rel=\"nofollow\" data-success_message=\"\">\n\t\t\t\t<svg role=\"img\" viewBox=\"0 0 20 20\" width=\"20\" height=\"20\" > <use href=\"#basket-addtocart\" xlink:href=\"#basket-addtocart\"><\/use> <\/svg>\n\t\t\t\t<span class=\"screen-reader-text\">Devam\u0131n\u0131 oku<\/span>\n\t\t\t<\/a>\t<span id=\"woocommerce_loop_add_to_cart_link_describedby_4735\" class=\"screen-reader-text\">\n\t\t\t<\/span>\n\t\t\t<\/div>\n\n\t\t\n\t\t<\/div>\n\t\t<h3 class=\"woocommerce-loop-product__title\"><a href=\"https:\/\/inoria.uz\/?product=poliuretan-tiner\">POL\u0130\u00dcRETAN T\u0130NER<\/a><\/h3>\n\n\t\t\n<\/li>\n<li class=\"layout-style-4 col-md-4 col-sm-4 col-xs-6 col-lg-3 product-style-addtocart product type-product post-4744 status-publish instock product_cat-tiner-tutkal has-post-thumbnail shipping-taxable product-type-simple\">\n\t<div class=\"product-header\"><a href=\"https:\/\/inoria.uz\/?product=selulozik-tiner\" class=\"woocommerce-LoopProduct-link woocommerce-loop-product__link\"><img decoding=\"async\" width=\"220\" height=\"367\" src=\"https:\/\/inoria.uz\/wp-content\/uploads\/2024\/07\/9-lt-selulozik-tiner-mockup-1-220x367.png\" class=\"attachment-woocommerce_thumbnail size-woocommerce_thumbnail\" alt=\"SEL\u00dcLOZ\u0130K T\u0130NER\" srcset=\"https:\/\/inoria.uz\/wp-content\/uploads\/2024\/07\/9-lt-selulozik-tiner-mockup-1-220x367.png 220w, https:\/\/inoria.uz\/wp-content\/uploads\/2024\/07\/9-lt-selulozik-tiner-mockup-1-180x300.png 180w, https:\/\/inoria.uz\/wp-content\/uploads\/2024\/07\/9-lt-selulozik-tiner-mockup-1-614x1024.png 614w, https:\/\/inoria.uz\/wp-content\/uploads\/2024\/07\/9-lt-selulozik-tiner-mockup-1-768x1280.png 768w, https:\/\/inoria.uz\/wp-content\/uploads\/2024\/07\/9-lt-selulozik-tiner-mockup-1-922x1536.png 922w, https:\/\/inoria.uz\/wp-content\/uploads\/2024\/07\/9-lt-selulozik-tiner-mockup-1-1229x2048.png 1229w, https:\/\/inoria.uz\/wp-content\/uploads\/2024\/07\/9-lt-selulozik-tiner-mockup-1-400x667.png 400w, https:\/\/inoria.uz\/wp-content\/uploads\/2024\/07\/9-lt-selulozik-tiner-mockup-1.png 1350w\" sizes=\"(max-width: 220px) 100vw, 220px\" \/><\/a>\n\t\t\n\t\t\t<div class=\"buttons-icon\">\n\t\t\t\t\t\t\t<\/div>\n\n\t\t\n\t\t\n\t\t\t<div class=\"buttons\">\n\t\t\t\t<a href=\"https:\/\/inoria.uz\/?product=selulozik-tiner\" data-quantity=\"1\" class=\"button product_type_simple sober-loop-atc-button\" data-product_id=\"4744\" data-product_sku=\"\" aria-label=\"&ldquo;SEL\u00dcLOZ\u0130K T\u0130NER&rdquo; hakk\u0131nda daha fazla bilgi edinin\" rel=\"nofollow\" data-success_message=\"\">\n\t\t\t\t<svg role=\"img\" viewBox=\"0 0 20 20\" width=\"20\" height=\"20\" > <use href=\"#basket-addtocart\" xlink:href=\"#basket-addtocart\"><\/use> <\/svg>\n\t\t\t\t<span class=\"screen-reader-text\">Devam\u0131n\u0131 oku<\/span>\n\t\t\t<\/a>\t<span id=\"woocommerce_loop_add_to_cart_link_describedby_4744\" class=\"screen-reader-text\">\n\t\t\t<\/span>\n\t\t\t<\/div>\n\n\t\t\n\t\t<\/div>\n\t\t<h3 class=\"woocommerce-loop-product__title\"><a href=\"https:\/\/inoria.uz\/?product=selulozik-tiner\">SEL\u00dcLOZ\u0130K T\u0130NER<\/a><\/h3>\n\n\t\t\n<\/li>\n<li class=\"layout-style-4 col-md-4 col-sm-4 col-xs-6 col-lg-3 product-style-addtocart product type-product post-4748 status-publish instock product_cat-tiner-tutkal has-post-thumbnail shipping-taxable product-type-simple\">\n\t<div class=\"product-header\"><a href=\"https:\/\/inoria.uz\/?product=sentetik-tiner\" class=\"woocommerce-LoopProduct-link woocommerce-loop-product__link\"><img decoding=\"async\" width=\"220\" height=\"367\" src=\"https:\/\/inoria.uz\/wp-content\/uploads\/2024\/07\/9-lt-sentetik-tiner-mockup-1-220x367.png\" class=\"attachment-woocommerce_thumbnail size-woocommerce_thumbnail\" alt=\"SENTET\u0130K T\u0130NER\" srcset=\"https:\/\/inoria.uz\/wp-content\/uploads\/2024\/07\/9-lt-sentetik-tiner-mockup-1-220x367.png 220w, https:\/\/inoria.uz\/wp-content\/uploads\/2024\/07\/9-lt-sentetik-tiner-mockup-1-180x300.png 180w, https:\/\/inoria.uz\/wp-content\/uploads\/2024\/07\/9-lt-sentetik-tiner-mockup-1-614x1024.png 614w, https:\/\/inoria.uz\/wp-content\/uploads\/2024\/07\/9-lt-sentetik-tiner-mockup-1-768x1280.png 768w, https:\/\/inoria.uz\/wp-content\/uploads\/2024\/07\/9-lt-sentetik-tiner-mockup-1-922x1536.png 922w, https:\/\/inoria.uz\/wp-content\/uploads\/2024\/07\/9-lt-sentetik-tiner-mockup-1-1229x2048.png 1229w, https:\/\/inoria.uz\/wp-content\/uploads\/2024\/07\/9-lt-sentetik-tiner-mockup-1-400x667.png 400w, https:\/\/inoria.uz\/wp-content\/uploads\/2024\/07\/9-lt-sentetik-tiner-mockup-1.png 1350w\" sizes=\"(max-width: 220px) 100vw, 220px\" \/><\/a>\n\t\t\n\t\t\t<div class=\"buttons-icon\">\n\t\t\t\t\t\t\t<\/div>\n\n\t\t\n\t\t\n\t\t\t<div class=\"buttons\">\n\t\t\t\t<a href=\"https:\/\/inoria.uz\/?product=sentetik-tiner\" data-quantity=\"1\" class=\"button product_type_simple sober-loop-atc-button\" data-product_id=\"4748\" data-product_sku=\"\" aria-label=\"&ldquo;SENTET\u0130K T\u0130NER&rdquo; hakk\u0131nda daha fazla bilgi edinin\" rel=\"nofollow\" data-success_message=\"\">\n\t\t\t\t<svg role=\"img\" viewBox=\"0 0 20 20\" width=\"20\" height=\"20\" > <use href=\"#basket-addtocart\" xlink:href=\"#basket-addtocart\"><\/use> <\/svg>\n\t\t\t\t<span class=\"screen-reader-text\">Devam\u0131n\u0131 oku<\/span>\n\t\t\t<\/a>\t<span id=\"woocommerce_loop_add_to_cart_link_describedby_4748\" class=\"screen-reader-text\">\n\t\t\t<\/span>\n\t\t\t<\/div>\n\n\t\t\n\t\t<\/div>\n\t\t<h3 class=\"woocommerce-loop-product__title\"><a href=\"https:\/\/inoria.uz\/?product=sentetik-tiner\">SENTET\u0130K T\u0130NER<\/a><\/h3>\n\n\t\t\n<\/li>\n<\/ul>\n<\/div><\/div><\/div>[\/vc_column][\/vc_row]<\/p>\n","protected":false},"excerpt":{"rendered":"<p>[vc_row][vc_column][\/vc_column][\/vc_row]<\/p>\n","protected":false},"author":1,"featured_media":0,"parent":0,"menu_order":0,"comment_status":"closed","ping_status":"closed","template":"","meta":{"footnotes":""},"class_list":["post-4762","page","type-page","status-publish","hentry"],"_links":{"self":[{"href":"https:\/\/inoria.uz\/index.php?rest_route=\/wp\/v2\/pages\/4762","targetHints":{"allow":["GET"]}}],"collection":[{"href":"https:\/\/inoria.uz\/index.php?rest_route=\/wp\/v2\/pages"}],"about":[{"href":"https:\/\/inoria.uz\/index.php?rest_route=\/wp\/v2\/types\/page"}],"author":[{"embeddable":true,"href":"https:\/\/inoria.uz\/index.php?rest_route=\/wp\/v2\/users\/1"}],"replies":[{"embeddable":true,"href":"https:\/\/inoria.uz\/index.php?rest_route=%2Fwp%2Fv2%2Fcomments&post=4762"}],"version-history":[{"count":1,"href":"https:\/\/inoria.uz\/index.php?rest_route=\/wp\/v2\/pages\/4762\/revisions"}],"predecessor-version":[{"id":4763,"href":"https:\/\/inoria.uz\/index.php?rest_route=\/wp\/v2\/pages\/4762\/revisions\/4763"}],"wp:attachment":[{"href":"https:\/\/inoria.uz\/index.php?rest_route=%2Fwp%2Fv2%2Fmedia&parent=4762"}],"curies":[{"name":"wp","href":"https:\/\/api.w.org\/{rel}","templated":true}]}}