{"id":3207,"date":"2022-03-07T14:16:40","date_gmt":"2022-03-07T14:16:40","guid":{"rendered":"https:\/\/inoria.uz\/?page_id=3207"},"modified":"2022-05-15T22:33:09","modified_gmt":"2022-05-15T22:33:09","slug":"amber-boya-haberi","status":"publish","type":"page","link":"https:\/\/inoria.uz\/?page_id=3207&lang=tr","title":{"rendered":"Bizden Haberler &#8211; \u00d6zbekistan\u0131n \u0130lk Antibakteriyel Su Bazl\u0131 Boyas\u0131"},"content":{"rendered":"<p>[vc_row][vc_column][vc_custom_heading text=&#8221;\u00d6zbekistan&#8217;\u0131n ilk antibakteriyel su bazl\u0131 boyas\u0131: Amber Inoria!&#8221; font_container=&#8221;tag:h2|text_align:center&#8221; google_fonts=&#8221;font_family:Roboto%3A100%2C100italic%2C300%2C300italic%2Cregular%2Citalic%2C500%2C500italic%2C700%2C700italic%2C900%2C900italic|font_style:500%20bold%20regular%3A500%3Anormal&#8221;][\/vc_column][\/vc_row][vc_row][vc_column][vc_column_text]Inoria, 21. y\u00fczy\u0131l teknolojisiyle geli\u015ftirilen ilk &#8220;ak\u0131ll\u0131&#8221; antibakteriyel boyay\u0131 m\u00fc\u015fterilerine sunuyor.<\/p>\n<p>Antibakteriyel \u00f6zelli\u011finden dolay\u0131 hastane, otel, restoran, mutfak, ma\u011faza, kre\u015f, okul, ofis vb. mekanlar\u0131n boyanmas\u0131 i\u00e7in ideal bir \u00fcr\u00fcn olan Amber,\u00a0 i\u00e7 mekanlar\u0131n duvar ve tavanlar\u0131nda, her t\u00fcrl\u00fc boya \u00fczerine kullan\u0131labiliyor.<\/p>\n<p>T\u00fcm y\u00fczeylere iyi tutunan, kolay durulanma \u00f6zelli\u011fine sahip, \u00e7atlama ve par\u00e7alanma yapmayan yap\u0131s\u0131, Nanopartik\u00fcl i\u00e7eri\u011fi ve re\u00e7inenin g\u00f6zenekli yap\u0131s\u0131 sayesinde, boyal\u0131 y\u00fczeyin \u201cnefes almas\u0131n\u0131\u201d sa\u011fl\u0131yor.<\/p>\n<p>Zararl\u0131 u\u00e7ucu organik maddeler i\u00e7ermeyen, kokusuz ve \u00e7evre dostu Amber Inoria, kolay uygulanabilir ve m\u00fckemmel kapat\u0131c\u0131l\u0131\u011fa sahip bir boya.[\/vc_column_text][\/vc_column][\/vc_row]<\/p>\n","protected":false},"excerpt":{"rendered":"<p>[vc_row][vc_column][vc_custom_heading text=&#8221;\u00d6zbekistan&#8217;\u0131n ilk antibakteriyel su bazl\u0131 boyas\u0131: Amber Inoria!&#8221; font_container=&#8221;tag:h2|text_align:center&#8221; google_fonts=&#8221;font_family:Roboto%3A100%2C100italic%2C300%2C300italic%2Cregular%2Citalic%2C500%2C500italic%2C700%2C700italic%2C900%2C900italic|font_style:500%20bold%20regular%3A500%3Anormal&#8221;][\/vc_column][\/vc_row][vc_row][vc_column][vc_column_text]Inoria, 21. y\u00fczy\u0131l teknolojisiyle geli\u015ftirilen ilk &#8220;ak\u0131ll\u0131&#8221; antibakteriyel boyay\u0131 m\u00fc\u015fterilerine sunuyor. Antibakteriyel \u00f6zelli\u011finden dolay\u0131 hastane, otel, restoran, mutfak, ma\u011faza, kre\u015f,&hellip;<\/p>\n","protected":false},"author":1,"featured_media":0,"parent":0,"menu_order":0,"comment_status":"closed","ping_status":"closed","template":"","meta":{"footnotes":""},"class_list":["post-3207","page","type-page","status-publish","hentry"],"_links":{"self":[{"href":"https:\/\/inoria.uz\/index.php?rest_route=\/wp\/v2\/pages\/3207","targetHints":{"allow":["GET"]}}],"collection":[{"href":"https:\/\/inoria.uz\/index.php?rest_route=\/wp\/v2\/pages"}],"about":[{"href":"https:\/\/inoria.uz\/index.php?rest_route=\/wp\/v2\/types\/page"}],"author":[{"embeddable":true,"href":"https:\/\/inoria.uz\/index.php?rest_route=\/wp\/v2\/users\/1"}],"replies":[{"embeddable":true,"href":"https:\/\/inoria.uz\/index.php?rest_route=%2Fwp%2Fv2%2Fcomments&post=3207"}],"version-history":[{"count":2,"href":"https:\/\/inoria.uz\/index.php?rest_route=\/wp\/v2\/pages\/3207\/revisions"}],"predecessor-version":[{"id":3413,"href":"https:\/\/inoria.uz\/index.php?rest_route=\/wp\/v2\/pages\/3207\/revisions\/3413"}],"wp:attachment":[{"href":"https:\/\/inoria.uz\/index.php?rest_route=%2Fwp%2Fv2%2Fmedia&parent=3207"}],"curies":[{"name":"wp","href":"https:\/\/api.w.org\/{rel}","templated":true}]}}