{"id":2531,"date":"2022-01-23T11:38:23","date_gmt":"2022-01-23T11:38:23","guid":{"rendered":"https:\/\/inoria.uz\/?page_id=2531"},"modified":"2024-07-24T19:08:34","modified_gmt":"2024-07-24T19:08:34","slug":"about-inoria","status":"publish","type":"page","link":"https:\/\/inoria.uz\/?page_id=2531&lang=tr","title":{"rendered":"Inoria"},"content":{"rendered":"<p>[vc_row css=&#8221;.vc_custom_1651496522379{margin-top: 20px !important;margin-bottom: 70px !important;}&#8221;][vc_column offset=&#8221;vc_col-lg-offset-0 vc_col-lg-12 vc_col-md-offset-0 vc_col-md-12 vc_col-sm-offset-0&#8243; css=&#8221;.vc_custom_1651496428204{margin-top: 20px !important;}&#8221;][vc_column_text el_class=&#8221;about-font-size&#8221; css=&#8221;.vc_custom_1647095304222{padding-bottom: 15px !important;}&#8221;]<\/p>\n<p style=\"text-align: justify;\">\u201cYeni bir ba\u015flang\u0131\u00e7, hayat\u0131n\u0131z\u0131 istedi\u011finiz renklerle doldurma \u015fans\u0131 sunar\u201d felsefesiyle kurulan \u0130noria olarak, 30 y\u0131l\u0131 a\u015fk\u0131n s\u00fcredir uluslararas\u0131 markalar\u0131n sat\u0131\u015f ve da\u011f\u0131t\u0131m\u0131 konusunda engin tecr\u00fcbe ve bilgi birikimine sahip ekibimizle, boya sekt\u00f6r\u00fcne g\u00fc\u00e7l\u00fc bir giri\u015f yapt\u0131k.<\/p>\n<p style=\"text-align: justify;\">\u201cYeni iyidir\u201d vizyonuyla \u00e7\u0131kt\u0131\u011f\u0131m\u0131z yolda, en g\u00fcncel \u00fcretim teknolojilerini kullanarak, Avrupa standartlar\u0131nda, kaliteli, yenilik\u00e7i, \u00e7evre ve do\u011fa dostu \u00fcr\u00fcnlerle, \u00d6zbekistan boya sekt\u00f6r\u00fcne yeni bir soluk getirmeyi hedefliyoruz.<\/p>\n<p style=\"text-align: justify;\">\u00dclke ekonomisine ve sekt\u00f6r\u00fcn geli\u015fmesine katk\u0131 sa\u011flayacak \u00fcr\u00fcnlerimiz ve yenilik\u00e7i bak\u0131\u015f a\u00e7\u0131m\u0131zla, sizi hayat\u0131n renklerini yeniden ke\u015ffetmeye \u00e7a\u011f\u0131r\u0131yoruz.<\/p>\n<p>[\/vc_column_text][\/vc_column][\/vc_row][vc_row css=&#8221;.vc_custom_1651496589467{margin-right: 5vw !important;margin-left: 5vw !important;}&#8221;][vc_column][vc_tta_tabs style=&#8221;modern&#8221; spacing=&#8221;2&#8243; alignment=&#8221;center&#8221; active_section=&#8221;1&#8243;][vc_tta_section title=&#8221;Misyonumuz&#8221; tab_id=&#8221;1644694470867-ebe5b9b3-1173&#8243;][vc_column_text el_class=&#8221;our-values-style&#8221; css=&#8221;.vc_custom_1646312955276{margin-top: 20px !important;margin-bottom: 20px !important;}&#8221;]<\/p>\n<ul>\n<li>Do\u011faya ve insana sayg\u0131l\u0131 ko\u015fullarda boya \u00fcretimi yapmak,<\/li>\n<li>\u0130lk s\u0131rada tercih edilen boya markas\u0131 olmak,<\/li>\n<li>Yarataca\u011f\u0131m\u0131z yat\u0131r\u0131m ve istihdamla \u00fclke ekonomisine katk\u0131 sa\u011flamak,<\/li>\n<li>\u00c7al\u0131\u015fanlar\u0131m\u0131za s\u00fcrekli katma de\u011fer yaratarak, \u00f6rnek g\u00f6sterilen firma olmak.<\/li>\n<\/ul>\n<p>[\/vc_column_text][\/vc_tta_section][vc_tta_section title=&#8221;Vizyonumuz&#8221; tab_id=&#8221;1644694470881-055f61e3-6483&#8243;][vc_column_text el_class=&#8221;our-values-style&#8221; css=&#8221;.vc_custom_1646312977575{margin-top: 20px !important;margin-bottom: 20px !important;}&#8221;]<\/p>\n<ul>\n<li>5 y\u0131lda boya sekt\u00f6r\u00fcn\u00fcn ilk \u00fc\u00e7 b\u00fcy\u00fck firmas\u0131 aras\u0131nda yer almak,<\/li>\n<li>Boya sekt\u00f6r\u00fcnde yenilik\u00e7i ve \u00f6nc\u00fc olmak.<\/li>\n<\/ul>\n<p>[\/vc_column_text][\/vc_tta_section][\/vc_tta_tabs][\/vc_column][\/vc_row][vc_row css=&#8221;.vc_custom_1651613170992{margin-top: 50px !important;padding-top: 80px !important;background-image: url(https:\/\/inoria.uz\/wp-content\/uploads\/2022\/05\/degerlerimiz-2280&#215;416-1.jpg?id=3747) !important;background-position: center !important;background-repeat: no-repeat !important;background-size: cover !important;border-radius: 4px !important;}&#8221; el_class=&#8221;our-values-border&#8221;][vc_column][vc_empty_space height=&#8221;100px&#8221;][\/vc_column][\/vc_row][vc_row css=&#8221;.vc_custom_1645269641609{margin-top: 30px !important;}&#8221;][vc_column][vc_tta_pageable no_fill_content_area=&#8221;true&#8221; active_section=&#8221;1&#8243; pagination_style=&#8221;flat-square&#8221;][vc_tta_section title=&#8221;Section 1&#8243; tab_id=&#8221;1645268997378-d8e9166e-05df&#8221;][vc_row_inner][vc_column_inner width=&#8221;1\/3&#8243;]<div class=\"sober-icon-box icon-type-external_link icon-style-normal  \">\n\t\t\t\t<div class=\"box-icon\"><img decoding=\"async\" alt=\"Kalite &amp; \u00c7evre Politikam\u0131z\" src=\"https:\/\/inoria.uz\/wp-content\/uploads\/2022\/05\/cevre-ikon-01.png\"><\/div>\n\t\t\t\t<h3 class=\"box-title\">Kalite &amp; \u00c7evre Politikam\u0131z<\/h3>\n\t\t\t\t<div class=\"box-content\"><strong>\u201cHer \u015fey, daha renkli bir d\u00fcnya i\u00e7in.\u201d <\/strong>Biz, d\u00fcnyay\u0131 daha g\u00fczel bir yer haline getiren renkleri \u00fcretirken, \u00e7evre sa\u011fl\u0131\u011f\u0131na da maksimum \u00f6zen g\u00f6stermeyi prensip olarak benimsiyoruz.<\/div>\n\t\t\t<\/div>[vc_empty_space height=&#8221;30px&#8221;]<div class=\"sober-button-wrapper text-center\"><a href=\"https:\/\/inoria.uz\/?page_id=2540\" title=\"Read more\" rel=\"nofollow\" class=\"sober-button button-type-outline button-color-dark align-center   button small button-small\">Daha fazla<\/a><\/div>[\/vc_column_inner][vc_column_inner width=&#8221;1\/3&#8243;]<div class=\"sober-icon-box icon-type-external_link icon-style-normal  \">\n\t\t\t\t<div class=\"box-icon\"><img decoding=\"async\" alt=\"\u0130\u015f Sa\u011fl\u0131\u011f\u0131 &amp; G\u00fcvenli\u011fi\" src=\"https:\/\/inoria.uz\/wp-content\/uploads\/2022\/05\/guvenlik-ikon-02.png\"><\/div>\n\t\t\t\t<h3 class=\"box-title\">\u0130\u015f Sa\u011fl\u0131\u011f\u0131 &amp; G\u00fcvenli\u011fi<\/h3>\n\t\t\t\t<div class=\"box-content\"><strong>\u201cInoria olarak, boya \u00fcretim faaliyetlerimizde insan\u0131 en de\u011ferli varl\u0131k olarak kabul ediyoruz.\u201d <\/strong>T\u00fcm \u00e7al\u0131\u015fanlar\u0131m\u0131z ve payda\u015flar\u0131m\u0131z\u0131n sa\u011fl\u0131k ve g\u00fcvenli\u011fini koruma sorumlulu\u011fu, firma olarak \u00f6ncelikli prensibimizdir.<\/div>\n\t\t\t<\/div>[vc_empty_space height=&#8221;30px&#8221;]<div class=\"sober-button-wrapper text-center\"><a href=\"https:\/\/inoria.uz\/?page_id=2543\" title=\"Read more\" rel=\"nofollow\" class=\"sober-button button-type-outline button-color-dark align-center   button small button-small\">Daha fazla<\/a><\/div>[\/vc_column_inner][vc_column_inner width=&#8221;1\/3&#8243;]<div class=\"sober-icon-box icon-type-external_link icon-style-normal  \">\n\t\t\t\t<div class=\"box-icon\"><img decoding=\"async\" alt=\"M\u00fc\u015fteri Memnuniyeti\" src=\"https:\/\/inoria.uz\/wp-content\/uploads\/2022\/05\/musteri-ikon-03.png\"><\/div>\n\t\t\t\t<h3 class=\"box-title\">M\u00fc\u015fteri Memnuniyeti<\/h3>\n\t\t\t\t<div class=\"box-content\"><strong>\u201cTercih edilen boya olmak ve tercih edilmeye devam etmek i\u00e7in \u00e7al\u0131\u015f\u0131yoruz.\u201d <\/strong>Inoria\u2019da \u201cM\u00fc\u015fteri Memnuniyeti\u201d kavram\u0131, kli\u015fele\u015fmi\u015f sekt\u00f6rel bir kavram olman\u0131n \u00e7ok \u00f6tesinde, adeta bir gereklilik, hatta bir zorunluluk.<\/div>\n\t\t\t<\/div>[vc_empty_space height=&#8221;30px&#8221;]<div class=\"sober-button-wrapper text-center\"><a href=\"https:\/\/inoria.uz\/?page_id=2546\" title=\"Read more\" rel=\"nofollow\" class=\"sober-button button-type-outline button-color-dark align-center   button small button-small\">Daha fazla<\/a><\/div>[\/vc_column_inner][\/vc_row_inner][\/vc_tta_section][\/vc_tta_pageable][\/vc_column][\/vc_row][vc_row][vc_column][vc_custom_heading text=&#8221;Bizden Haberler&#8221; font_container=&#8221;tag:h2|text_align:center&#8221; link=&#8221;url:%23&#8243;][\/vc_column][\/vc_row][vc_row content_placement=&#8221;top&#8221;][vc_column width=&#8221;1\/2&#8243;][vc_single_image image=&#8221;3748&#8243; img_size=&#8221;full&#8221; alignment=&#8221;center&#8221;][\/vc_column][vc_column width=&#8221;1\/2&#8243;][vc_column_text]<\/p>\n<p style=\"font-size: 14px; color: black; font-family: Calibri; margin: 0;\">Ocak 1, 2022<\/p>\n<p style=\"font-size: 16px; color: black; font-family: Calibri; margin: 0; font-weight: bold;\">\u00d6zbekistan&#8217;\u0131n ilk antibakteriyel su bazl\u0131 boyas\u0131: Amber Inoria!<\/p>\n<p style=\"font-family: Calibri; font-size: 16px;\">Inoria, 21. y\u00fczy\u0131l teknolojisiyle geli\u015ftirilen ilk &#8220;ak\u0131ll\u0131&#8221; antibakteriyel boyay\u0131 m\u00fc\u015fterilerine sunuyor.<\/p>\n<p style=\"font-size: 16px; color: black; font-family: Calibri; text-decoration: underline;\"><a href=\"https:\/\/inoria.uz\/?page_id=3207\">Daha fazla<\/a><\/p>\n<p>[\/vc_column_text][\/vc_column][\/vc_row][vc_row][vc_column css=&#8221;.vc_custom_1645652232133{margin-top: 30px !important;margin-bottom: 30px !important;}&#8221;][vc_separator][\/vc_column][\/vc_row][vc_row content_placement=&#8221;top&#8221;][vc_column width=&#8221;1\/2&#8243;][vc_single_image image=&#8221;3749&#8243; img_size=&#8221;full&#8221; alignment=&#8221;center&#8221;][\/vc_column][vc_column width=&#8221;1\/2&#8243;][vc_column_text]<\/p>\n<p style=\"font-size: 14px; color: black; font-family: Calibri; margin: 0;\">Ocak 1, 2022<\/p>\n<p style=\"font-size: 16px; color: black; font-family: Calibri; margin: 0; font-weight: bold;\">\u0130noria&#8217;n\u0131n art\u0131k resmi bir Instagram sayfas\u0131 var!<\/p>\n<p style=\"font-family: Calibri; font-size: 16px;\">Faydal\u0131 bilgileri, harika teklifleri ve promosyonlar\u0131 payla\u015faca\u011f\u0131m\u0131z, yeni \u00fcr\u00fcnleri ve daha fazlas\u0131n\u0131 duyuraca\u011f\u0131m\u0131z ba\u015fka bir platform! Instagram Direct \u00fczerinden \u00fcr\u00fcn yelpazemiz hakk\u0131nda soru sorabilirsiniz. Bizi takip edin! <a href=\"https:\/\/www.instagram.com\/inoria.uz\/\" target=\"_blank\" rel=\"noopener\">@inoria.uz<\/a><\/p>\n<p style=\"font-size: 16px; color: black; font-family: Calibri; text-decoration: underline;\"><a href=\"#\">Daha fazla<\/a><\/p>\n<p>[\/vc_column_text][\/vc_column][\/vc_row]<\/p>\n","protected":false},"excerpt":{"rendered":"<p>[vc_row css=&#8221;.vc_custom_1651496522379{margin-top: 20px !important;margin-bottom: 70px !important;}&#8221;][vc_column offset=&#8221;vc_col-lg-offset-0 vc_col-lg-12 vc_col-md-offset-0 vc_col-md-12 vc_col-sm-offset-0&#8243; css=&#8221;.vc_custom_1651496428204{margin-top: 20px !important;}&#8221;][vc_column_text el_class=&#8221;about-font-size&#8221; css=&#8221;.vc_custom_1647095304222{padding-bottom: 15px !important;}&#8221;] \u201cYeni bir ba\u015flang\u0131\u00e7, hayat\u0131n\u0131z\u0131 istedi\u011finiz renklerle doldurma \u015fans\u0131 sunar\u201d felsefesiyle kurulan \u0130noria&hellip;<\/p>\n","protected":false},"author":1,"featured_media":0,"parent":0,"menu_order":0,"comment_status":"closed","ping_status":"closed","template":"","meta":{"footnotes":""},"class_list":["post-2531","page","type-page","status-publish","hentry"],"_links":{"self":[{"href":"https:\/\/inoria.uz\/index.php?rest_route=\/wp\/v2\/pages\/2531","targetHints":{"allow":["GET"]}}],"collection":[{"href":"https:\/\/inoria.uz\/index.php?rest_route=\/wp\/v2\/pages"}],"about":[{"href":"https:\/\/inoria.uz\/index.php?rest_route=\/wp\/v2\/types\/page"}],"author":[{"embeddable":true,"href":"https:\/\/inoria.uz\/index.php?rest_route=\/wp\/v2\/users\/1"}],"replies":[{"embeddable":true,"href":"https:\/\/inoria.uz\/index.php?rest_route=%2Fwp%2Fv2%2Fcomments&post=2531"}],"version-history":[{"count":108,"href":"https:\/\/inoria.uz\/index.php?rest_route=\/wp\/v2\/pages\/2531\/revisions"}],"predecessor-version":[{"id":4856,"href":"https:\/\/inoria.uz\/index.php?rest_route=\/wp\/v2\/pages\/2531\/revisions\/4856"}],"wp:attachment":[{"href":"https:\/\/inoria.uz\/index.php?rest_route=%2Fwp%2Fv2%2Fmedia&parent=2531"}],"curies":[{"name":"wp","href":"https:\/\/api.w.org\/{rel}","templated":true}]}}